ime factors of 178124271?
3, 13, 4567289
List the prime factors of 58209472.
2, 257, 3539
What are the prime factors of 80316189?
3, 239, 37339
What are the prime factors of 167402673?
3, 19, 47, 53, 131
What are the prime factors of 1292910307?
13, 139, 211, 3391
List the prime factors of 973757328.
2, 3, 83, 233, 1049
List the prime factors of 4948145223.
3, 7, 235625963
List the prime factors of 49360741.
17, 281, 10333
What are the prime factors of 1945512270?
2, 3, 5, 13, 23, 29, 277
List the prime factors of 503473938.
2, 3, 11, 17, 167, 2687
List the prime factors of 687509719.
13, 52885363
What are the prime factors of 234986695?
5, 83, 566233
List the prime factors of 47825942.
2, 23912971
What are the prime factors of 1703673631?
11, 43, 79, 127, 359
List the prime factors of 1344524547.
3, 23, 19485863
List the prime factors of 105191346.
2, 3, 13, 227, 457
What are the prime factors of 76283262?
2, 3, 11, 167, 769
What are the prime factors of 54088706?
2, 7, 19, 203341
What are the prime factors of 379047366?
2, 3, 3571, 5897
What are the prime factors of 1597707526?
2, 798853763
What are the prime factors of 25607760?
2, 3, 5, 106699
What are the prime factors of 70765860?
2, 3, 5, 11, 179, 599
List the prime factors of 173946320.
2, 5, 1439, 1511
What are the prime factors of 8087697367?
67, 4703, 25667
What are the prime factors of 86301990?
2, 3, 5, 19, 16823
What are the prime factors of 5506517?
151, 36467
What are the prime factors of 1220113656?
2, 3, 16946023
List the prime factors of 2254135145.
5, 17, 26519237
List the prime factors of 32983937.
7, 641, 7351
List the prime factors of 127110695.
5, 31, 53, 15473
What are the prime factors of 6092344890?
2, 3, 5, 37, 1829533
List the prime factors of 342197492.
2, 7, 13, 193, 4871
List the prime factors of 45724712.
2, 11, 503, 1033
What are the prime factors of 51503994?
2, 3, 523, 5471
What are the prime factors of 203498482?
2, 11, 53, 174527
List the prime factors of 213465804.
2, 3, 17, 61553
List the prime factors of 1673663554.
2, 73, 467, 24547
List the prime factors of 29403955.
5, 7, 67, 12539
List the prime factors of 102065876.
2, 11, 2319679
List the prime factors of 4482640.
2, 5, 137, 409
List the prime factors of 2109372696.
2, 3, 29296843
What are the prime factors of 52272937?
587, 89051
List the prime factors of 75587339.
19, 73, 54497
List the prime factors of 471085094.
2, 53, 157, 28307
What are the prime factors of 138858777?
3, 15428753
List the prime factors of 91070916.
2, 3, 7589243
What are the prime factors of 153544375?
5, 245671
List the prime factors of 639775648.
2, 1283, 15583
List the prime factors of 468761946.
2, 3, 313, 249607
What are the prime factors of 2991486282?
2, 3, 2963, 168269
What are the prime factors of 160586088?
2, 3, 13, 131, 3929
List the prime factors of 416589724.
2, 104147431
What are the prime factors of 264374349?
3, 211, 241, 1733
What are the prime factors of 229210364?
2, 23, 73, 34129
List the prime factors of 62857139.
109, 576671
What are the prime factors of 410318064?
2, 3, 13, 219187
What are the prime factors of 1974398473?
21839, 90407
What are the prime factors of 67945320?
2, 3, 5, 37, 5101
List the prime factors of 60669373.
149, 407177
List the prime factors of 74239271.
5153, 14407
What are the prime factors of 6124528155?
3, 5, 53, 7703809
What are the prime factors of 119696958?
2, 3, 41, 59, 2749
List the prime factors of 53337983.
53337983
List the prime factors of 632443168.
2, 7, 2823407
List the prime factors of 90687928.
2, 17, 666823
What are the prime factors of 2575415002?
2, 19, 787, 86117
List the prime factors of 300555144.
2, 3, 37, 37607
What are the prime factors of 10612229?
37, 73, 3929
List the prime factors of 34237892.
2, 13, 23, 28627
List the prime factors of 2299231341.
3, 11, 211, 110069
List the prime factors of 67618320.
2, 3, 5, 7, 11, 3659
List the prime factors of 30999124.
2, 13, 23, 25919
List the prime factors of 676945369.
676945369
List the prime factors of 608564239.
607, 1002577
List the prime factors of 9800165.
5, 1960033
What are the prime factors of 10574544?
2, 3, 17, 12959
List the prime factors of 104721358.
2, 7, 47, 167, 953
List the prime factors of 1296057389.
11, 53, 569, 3907
List the prime factors of 165060239.
19, 8687381
List the prime factors of 2513991720.
2, 3, 5, 79, 509, 521
List the prime factors of 1095966798.
2, 3, 182661133
List the prime factors of 50622298.
2, 2027, 12487
List the prime factors of 145008588.
2, 3, 149, 81101
What are the prime factors of 1022645?
5, 13, 15733
List the prime factors of 502744450.
2, 5, 13, 773453
What are the prime factors of 20337138?
2, 3, 1129841
What are the prime factors of 52498037?
53, 990529
List the prime factors of 1493772.
2, 3, 7, 17783
What are the prime factors of 1682358871?
31, 54269641
What are the prime factors of 1895779664?
2, 118486229
List the prime factors of 727391873.
13, 1237, 45233
What are the prime factors of 514645465?
5, 102929093
What are the prime factors of 3117566189?
19, 164082431
What are the prime factors of 54754881?
3, 23, 61, 13009
List the prime factors of 39002743.
13, 17, 31, 5693
What are the prime factors of 218173601?
218173601
List the prime factors of 614744141.
11, 967, 57793
What are the prime factors of 46675579?
23, 2029373
What are the prime factors of 153178789?
17, 1187, 7591
What are the prime factors of 50219558?
2, 25109779
What are the prime factors of 15468355?
5, 7, 441953
List the prime factors of 25596651.
3, 97, 87961
List the prime factors of 1252373181.
3, 73, 139, 41141
What are the prime factors of 51995510?
2, 5, 7, 541, 1373
List the prime factors of 274925874.
2, 3, 45820979
List the prime factors of 121608223.
11, 29, 47, 8111
List the prime factors of 37398104.
2, 1607, 2909
List the prime factors of 36888169.
36888169
What are the prime factors of 20829406?
2, 13, 281, 2851
List the prime factors of 357223340.
2, 5, 17861167
List the prime factors of 393390821.
393390821
What are the prime factors of 49681069?
49681069
What are the prime factors of 8126384263?
29, 541, 517967
List the prime factors of 871974451.
1373, 635087
List the prime factors of 200667790.
2, 5, 3301, 6079
What are the prime factors of 3116256474?
2, 3, 519376079
What are the prime factors of 445124087?
739, 602333
List the prime factors of 182738336.
2, 11, 229, 2267
What are the prime factors of 8259343?
229, 36067
What are the prime factors of 259359176?
2, 32419897
List the prime factors of 39981809.
7, 389, 14683
List the prime factors of 744530331.
3, 67, 367, 10093
List the prime factors of 25592441.
7, 307, 11909
What are the prime factors of 76384804?
2, 41, 465761
What are the prime factors of 602273037?
3, 13619, 14741
List the prime factors of 3886058.
2, 11, 29, 6091
What are the prime factors of 174836338?
2, 2087, 41887
List the prime factors of 44427627.
3, 241, 20483
What are the prime factors of 25083018?
2, 3, 23, 43, 1409
What are the prime factors of 6048239?
167, 36217
What are the prime factors of 232977003?
3, 7, 101, 109843
List the prime factors of 543405085.
5, 17, 227, 28163
List the prime factors of 77055085.
5, 491, 31387
List the prime factors of 259235607.
3, 661, 130729
What are the prime factors of 109435862?
2, 37, 1478863
List the prime factors of 33077941.
13, 2544457
List the prime factors of 81294409.
7, 1103, 10529
List the prime factors of 104435276.
2, 11, 2373529
List the prime factors of 2732349000.
2, 3, 5, 43, 59, 359
List the prime factors of 47278727.
3851, 12277
List the prime factors of 2451618317.
19, 397, 325019
List the prime factors of 1440252014.
2, 720126007
List the prime factors of 6284944876.
2, 7, 224462317
List the prime factors of 782344005.
3, 5, 52156267
List the prime factors of 23636758.
2, 787, 15017
List the prime factors of 68794107.
3, 487, 47087
List the prime factors of 1515448206.
2, 3, 31, 2715857
What are the prime factors of 737305553?
12409, 59417
List the prime factors of 156593252.
2, 193, 202841
What are the prime factors of 6064561?
31, 83, 2357
What are the prime factors of 16833652?
2, 11, 382583
What are the prime factors of 1288025264?
2, 17, 4735387
List the prime fa